{"id":1564,"date":"2019-11-12T06:58:07","date_gmt":"2019-11-12T05:58:07","guid":{"rendered":"http:\/\/manufakturapieroga.pl\/?page_id=1564"},"modified":"2026-03-19T12:20:02","modified_gmt":"2026-03-19T11:20:02","slug":"menu-3-2","status":"publish","type":"page","link":"https:\/\/manufakturapieroga.pl\/?page_id=1564","title":{"rendered":"Menu"},"content":{"rendered":"\n<h1 class=\"wp-block-heading\"><\/h1>\n\n\n\n<p><a href=\"https:\/\/manufakturapieroga.pl\/wp-content\/uploads\/2024\/04\/1.png\" target=\"_self\" itemprop=\"url\" rel=\"noopener\">\n\t\t\t\t<img loading=\"lazy\" decoding=\"async\" src=\"https:\/\/manufakturapieroga.pl\/wp-content\/uploads\/2024\/04\/1.png\" alt=\"1\" itemprop=\"image\" height=\"2000\" width=\"1414\" title=\"1\" onerror=\"this.style.display='none'\">\n\t\t\t\t<\/a><\/p>\n\n\n\n<figure class=\"wp-block-image size-large\"><img loading=\"lazy\" decoding=\"async\" width=\"1020\" height=\"1443\" src=\"https:\/\/manufakturapieroga.pl\/wp-content\/uploads\/2026\/03\/Menu-dzieciece-zima-2026-1020x1443.png\" alt=\"\" class=\"wp-image-2563\" srcset=\"https:\/\/manufakturapieroga.pl\/wp-content\/uploads\/2026\/03\/Menu-dzieciece-zima-2026-1020x1443.png 1020w, https:\/\/manufakturapieroga.pl\/wp-content\/uploads\/2026\/03\/Menu-dzieciece-zima-2026-632x894.png 632w, https:\/\/manufakturapieroga.pl\/wp-content\/uploads\/2026\/03\/Menu-dzieciece-zima-2026-768x1086.png 768w, https:\/\/manufakturapieroga.pl\/wp-content\/uploads\/2026\/03\/Menu-dzieciece-zima-2026-1086x1536.png 1086w, https:\/\/manufakturapieroga.pl\/wp-content\/uploads\/2026\/03\/Menu-dzieciece-zima-2026.png 1414w\" sizes=\"auto, (max-width: 1020px) 100vw, 1020px\" \/><\/figure>\n\n\n\n<figure class=\"wp-block-image size-large\"><img loading=\"lazy\" decoding=\"async\" width=\"1020\" height=\"1443\" src=\"https:\/\/manufakturapieroga.pl\/wp-content\/uploads\/2026\/01\/Menu-2026-1020x1443.png\" alt=\"\" class=\"wp-image-2539\" srcset=\"https:\/\/manufakturapieroga.pl\/wp-content\/uploads\/2026\/01\/Menu-2026-1020x1443.png 1020w, https:\/\/manufakturapieroga.pl\/wp-content\/uploads\/2026\/01\/Menu-2026-632x894.png 632w, https:\/\/manufakturapieroga.pl\/wp-content\/uploads\/2026\/01\/Menu-2026-768x1086.png 768w, https:\/\/manufakturapieroga.pl\/wp-content\/uploads\/2026\/01\/Menu-2026-1086x1536.png 1086w, https:\/\/manufakturapieroga.pl\/wp-content\/uploads\/2026\/01\/Menu-2026.png 1414w\" sizes=\"auto, (max-width: 1020px) 100vw, 1020px\" \/><\/figure>\n\n\n\n<figure class=\"wp-block-image size-large\"><img loading=\"lazy\" decoding=\"async\" width=\"1020\" height=\"1443\" src=\"https:\/\/manufakturapieroga.pl\/wp-content\/uploads\/2026\/02\/Menu-20263-1020x1443.png\" alt=\"\" class=\"wp-image-2555\" srcset=\"https:\/\/manufakturapieroga.pl\/wp-content\/uploads\/2026\/02\/Menu-20263-1020x1443.png 1020w, https:\/\/manufakturapieroga.pl\/wp-content\/uploads\/2026\/02\/Menu-20263-632x894.png 632w, https:\/\/manufakturapieroga.pl\/wp-content\/uploads\/2026\/02\/Menu-20263-768x1086.png 768w, https:\/\/manufakturapieroga.pl\/wp-content\/uploads\/2026\/02\/Menu-20263-1086x1536.png 1086w, https:\/\/manufakturapieroga.pl\/wp-content\/uploads\/2026\/02\/Menu-20263.png 1414w\" sizes=\"auto, (max-width: 1020px) 100vw, 1020px\" \/><\/figure>\n\n\n\n<figure class=\"wp-block-image size-large\"><img loading=\"lazy\" decoding=\"async\" width=\"1020\" height=\"1443\" src=\"https:\/\/manufakturapieroga.pl\/wp-content\/uploads\/2026\/03\/Menu-20264-1020x1443.png\" alt=\"\" class=\"wp-image-2557\" srcset=\"https:\/\/manufakturapieroga.pl\/wp-content\/uploads\/2026\/03\/Menu-20264-1020x1443.png 1020w, https:\/\/manufakturapieroga.pl\/wp-content\/uploads\/2026\/03\/Menu-20264-632x894.png 632w, https:\/\/manufakturapieroga.pl\/wp-content\/uploads\/2026\/03\/Menu-20264-768x1086.png 768w, https:\/\/manufakturapieroga.pl\/wp-content\/uploads\/2026\/03\/Menu-20264-1086x1536.png 1086w, https:\/\/manufakturapieroga.pl\/wp-content\/uploads\/2026\/03\/Menu-20264.png 1414w\" sizes=\"auto, (max-width: 1020px) 100vw, 1020px\" \/><\/figure>\n\n\n\n<figure class=\"wp-block-image size-large\"><img loading=\"lazy\" decoding=\"async\" width=\"1020\" height=\"1443\" src=\"https:\/\/manufakturapieroga.pl\/wp-content\/uploads\/2026\/03\/Menu-20265-1020x1443.png\" alt=\"\" class=\"wp-image-2560\" srcset=\"https:\/\/manufakturapieroga.pl\/wp-content\/uploads\/2026\/03\/Menu-20265-1020x1443.png 1020w, https:\/\/manufakturapieroga.pl\/wp-content\/uploads\/2026\/03\/Menu-20265-632x894.png 632w, https:\/\/manufakturapieroga.pl\/wp-content\/uploads\/2026\/03\/Menu-20265-768x1086.png 768w, https:\/\/manufakturapieroga.pl\/wp-content\/uploads\/2026\/03\/Menu-20265-1086x1536.png 1086w, https:\/\/manufakturapieroga.pl\/wp-content\/uploads\/2026\/03\/Menu-20265.png 1414w\" sizes=\"auto, (max-width: 1020px) 100vw, 1020px\" \/><\/figure>\n\n\n\n<figure class=\"wp-block-image size-large is-resized\"><img loading=\"lazy\" decoding=\"async\" width=\"1020\" height=\"1443\" src=\"https:\/\/manufakturapieroga.pl\/wp-content\/uploads\/2026\/01\/Menu-20262-1020x1443.png\" alt=\"\" class=\"wp-image-2542\" style=\"width:840px;height:auto\" srcset=\"https:\/\/manufakturapieroga.pl\/wp-content\/uploads\/2026\/01\/Menu-20262-1020x1443.png 1020w, https:\/\/manufakturapieroga.pl\/wp-content\/uploads\/2026\/01\/Menu-20262-632x894.png 632w, https:\/\/manufakturapieroga.pl\/wp-content\/uploads\/2026\/01\/Menu-20262-768x1086.png 768w, https:\/\/manufakturapieroga.pl\/wp-content\/uploads\/2026\/01\/Menu-20262-1086x1536.png 1086w, https:\/\/manufakturapieroga.pl\/wp-content\/uploads\/2026\/01\/Menu-20262.png 1414w\" sizes=\"auto, (max-width: 1020px) 100vw, 1020px\" \/><\/figure>\n\n\n\n<figure class=\"wp-block-image size-large\"><img loading=\"lazy\" decoding=\"async\" width=\"1020\" height=\"1443\" src=\"https:\/\/manufakturapieroga.pl\/wp-content\/uploads\/2026\/01\/Menu-20263-1020x1443.png\" alt=\"\" class=\"wp-image-2545\" srcset=\"https:\/\/manufakturapieroga.pl\/wp-content\/uploads\/2026\/01\/Menu-20263-1020x1443.png 1020w, https:\/\/manufakturapieroga.pl\/wp-content\/uploads\/2026\/01\/Menu-20263-632x894.png 632w, https:\/\/manufakturapieroga.pl\/wp-content\/uploads\/2026\/01\/Menu-20263-768x1086.png 768w, https:\/\/manufakturapieroga.pl\/wp-content\/uploads\/2026\/01\/Menu-20263-1086x1536.png 1086w, https:\/\/manufakturapieroga.pl\/wp-content\/uploads\/2026\/01\/Menu-20263.png 1414w\" sizes=\"auto, (max-width: 1020px) 100vw, 1020px\" \/><\/figure>\n\n\n\n<figure class=\"wp-block-image size-large is-resized\"><img loading=\"lazy\" decoding=\"async\" width=\"1020\" height=\"1443\" src=\"https:\/\/manufakturapieroga.pl\/wp-content\/uploads\/2025\/03\/Menu-20256-1020x1443.png\" alt=\"\" class=\"wp-image-2473\" style=\"width:840px;height:auto\" srcset=\"https:\/\/manufakturapieroga.pl\/wp-content\/uploads\/2025\/03\/Menu-20256-1020x1443.png 1020w, https:\/\/manufakturapieroga.pl\/wp-content\/uploads\/2025\/03\/Menu-20256-632x894.png 632w, https:\/\/manufakturapieroga.pl\/wp-content\/uploads\/2025\/03\/Menu-20256-768x1086.png 768w, https:\/\/manufakturapieroga.pl\/wp-content\/uploads\/2025\/03\/Menu-20256-1086x1536.png 1086w, https:\/\/manufakturapieroga.pl\/wp-content\/uploads\/2025\/03\/Menu-20256-600x849.png 600w, https:\/\/manufakturapieroga.pl\/wp-content\/uploads\/2025\/03\/Menu-20256.png 1414w\" sizes=\"auto, (max-width: 1020px) 100vw, 1020px\" \/><\/figure>\n\n\n\n<p><a title=\"Back to top\" href=\"#\">Powr\u00f3t na g\u00f3r\u0119 \u2191<\/a><\/p>\n\n\n\n<figure class=\"wp-block-image size-large is-resized\"><img loading=\"lazy\" decoding=\"async\" width=\"1020\" height=\"1443\" src=\"https:\/\/manufakturapieroga.pl\/wp-content\/uploads\/2025\/07\/Menu-202518-1020x1443.png\" alt=\"\" class=\"wp-image-2507\" style=\"width:840px;height:auto\" srcset=\"https:\/\/manufakturapieroga.pl\/wp-content\/uploads\/2025\/07\/Menu-202518-1020x1443.png 1020w, https:\/\/manufakturapieroga.pl\/wp-content\/uploads\/2025\/07\/Menu-202518-632x894.png 632w, https:\/\/manufakturapieroga.pl\/wp-content\/uploads\/2025\/07\/Menu-202518-768x1086.png 768w, https:\/\/manufakturapieroga.pl\/wp-content\/uploads\/2025\/07\/Menu-202518-1086x1536.png 1086w, https:\/\/manufakturapieroga.pl\/wp-content\/uploads\/2025\/07\/Menu-202518-600x849.png 600w, https:\/\/manufakturapieroga.pl\/wp-content\/uploads\/2025\/07\/Menu-202518.png 1414w\" sizes=\"auto, (max-width: 1020px) 100vw, 1020px\" \/><\/figure>\n\n\n\n<figure class=\"wp-block-image size-large\"><img loading=\"lazy\" decoding=\"async\" width=\"1020\" height=\"1443\" src=\"https:\/\/manufakturapieroga.pl\/wp-content\/uploads\/2025\/10\/Kopia-\u2013-menu-napoje-rozgrzewajace-min-1020x1443.png\" alt=\"\" class=\"wp-image-2520\" srcset=\"https:\/\/manufakturapieroga.pl\/wp-content\/uploads\/2025\/10\/Kopia-\u2013-menu-napoje-rozgrzewajace-min-1020x1443.png 1020w, https:\/\/manufakturapieroga.pl\/wp-content\/uploads\/2025\/10\/Kopia-\u2013-menu-napoje-rozgrzewajace-min-632x894.png 632w, https:\/\/manufakturapieroga.pl\/wp-content\/uploads\/2025\/10\/Kopia-\u2013-menu-napoje-rozgrzewajace-min-768x1086.png 768w, https:\/\/manufakturapieroga.pl\/wp-content\/uploads\/2025\/10\/Kopia-\u2013-menu-napoje-rozgrzewajace-min-1086x1536.png 1086w, https:\/\/manufakturapieroga.pl\/wp-content\/uploads\/2025\/10\/Kopia-\u2013-menu-napoje-rozgrzewajace-min-1448x2048.png 1448w, https:\/\/manufakturapieroga.pl\/wp-content\/uploads\/2025\/10\/Kopia-\u2013-menu-napoje-rozgrzewajace-min-600x849.png 600w, https:\/\/manufakturapieroga.pl\/wp-content\/uploads\/2025\/10\/Kopia-\u2013-menu-napoje-rozgrzewajace-min.png 1587w\" sizes=\"auto, (max-width: 1020px) 100vw, 1020px\" \/><\/figure>\n\n\n\n<figure class=\"wp-block-image size-large\"><img loading=\"lazy\" decoding=\"async\" width=\"1020\" height=\"1443\" src=\"https:\/\/manufakturapieroga.pl\/wp-content\/uploads\/2025\/07\/Menu-202519-1020x1443.png\" alt=\"\" class=\"wp-image-2508\" srcset=\"https:\/\/manufakturapieroga.pl\/wp-content\/uploads\/2025\/07\/Menu-202519-1020x1443.png 1020w, https:\/\/manufakturapieroga.pl\/wp-content\/uploads\/2025\/07\/Menu-202519-632x894.png 632w, https:\/\/manufakturapieroga.pl\/wp-content\/uploads\/2025\/07\/Menu-202519-768x1086.png 768w, https:\/\/manufakturapieroga.pl\/wp-content\/uploads\/2025\/07\/Menu-202519-1086x1536.png 1086w, https:\/\/manufakturapieroga.pl\/wp-content\/uploads\/2025\/07\/Menu-202519-600x849.png 600w, https:\/\/manufakturapieroga.pl\/wp-content\/uploads\/2025\/07\/Menu-202519.png 1414w\" sizes=\"auto, (max-width: 1020px) 100vw, 1020px\" \/><\/figure>\n\n\n\n<figure class=\"wp-block-image size-large\"><img loading=\"lazy\" decoding=\"async\" width=\"1020\" height=\"1443\" src=\"https:\/\/manufakturapieroga.pl\/wp-content\/uploads\/2026\/03\/Menu-20266-1020x1443.png\" alt=\"\" class=\"wp-image-2561\" srcset=\"https:\/\/manufakturapieroga.pl\/wp-content\/uploads\/2026\/03\/Menu-20266-1020x1443.png 1020w, https:\/\/manufakturapieroga.pl\/wp-content\/uploads\/2026\/03\/Menu-20266-632x894.png 632w, https:\/\/manufakturapieroga.pl\/wp-content\/uploads\/2026\/03\/Menu-20266-768x1086.png 768w, https:\/\/manufakturapieroga.pl\/wp-content\/uploads\/2026\/03\/Menu-20266-1086x1536.png 1086w, https:\/\/manufakturapieroga.pl\/wp-content\/uploads\/2026\/03\/Menu-20266.png 1414w\" sizes=\"auto, (max-width: 1020px) 100vw, 1020px\" \/><\/figure>\n\n\n\n<figure class=\"wp-block-image size-large\"><img loading=\"lazy\" decoding=\"async\" width=\"1020\" height=\"1443\" src=\"https:\/\/manufakturapieroga.pl\/wp-content\/uploads\/2025\/03\/12-1020x1443.png\" alt=\"\" class=\"wp-image-2478\" srcset=\"https:\/\/manufakturapieroga.pl\/wp-content\/uploads\/2025\/03\/12-1020x1443.png 1020w, https:\/\/manufakturapieroga.pl\/wp-content\/uploads\/2025\/03\/12-632x894.png 632w, https:\/\/manufakturapieroga.pl\/wp-content\/uploads\/2025\/03\/12-768x1086.png 768w, https:\/\/manufakturapieroga.pl\/wp-content\/uploads\/2025\/03\/12-1086x1536.png 1086w, https:\/\/manufakturapieroga.pl\/wp-content\/uploads\/2025\/03\/12-600x849.png 600w, https:\/\/manufakturapieroga.pl\/wp-content\/uploads\/2025\/03\/12.png 1414w\" sizes=\"auto, (max-width: 1020px) 100vw, 1020px\" \/><\/figure>\n","protected":false},"excerpt":{"rendered":"<div class=\"entry-summary\">\nPowr\u00f3t na g\u00f3r\u0119 \u2191\n<\/div>\n<div class=\"link-more\"><a href=\"https:\/\/manufakturapieroga.pl\/?page_id=1564\" class=\"more-link\">Continue reading<span class=\"screen-reader-text\"> &ldquo;Menu&rdquo;<\/span>&hellip;<\/a><\/div>\n","protected":false},"author":6,"featured_media":0,"parent":0,"menu_order":2,"comment_status":"closed","ping_status":"closed","template":"page-template\/_fullwidth.php","meta":{"footnotes":""},"class_list":["post-1564","page","type-page","status-publish","hentry","entry"],"_links":{"self":[{"href":"https:\/\/manufakturapieroga.pl\/index.php?rest_route=\/wp\/v2\/pages\/1564","targetHints":{"allow":["GET"]}}],"collection":[{"href":"https:\/\/manufakturapieroga.pl\/index.php?rest_route=\/wp\/v2\/pages"}],"about":[{"href":"https:\/\/manufakturapieroga.pl\/index.php?rest_route=\/wp\/v2\/types\/page"}],"author":[{"embeddable":true,"href":"https:\/\/manufakturapieroga.pl\/index.php?rest_route=\/wp\/v2\/users\/6"}],"replies":[{"embeddable":true,"href":"https:\/\/manufakturapieroga.pl\/index.php?rest_route=%2Fwp%2Fv2%2Fcomments&post=1564"}],"version-history":[{"count":111,"href":"https:\/\/manufakturapieroga.pl\/index.php?rest_route=\/wp\/v2\/pages\/1564\/revisions"}],"predecessor-version":[{"id":2562,"href":"https:\/\/manufakturapieroga.pl\/index.php?rest_route=\/wp\/v2\/pages\/1564\/revisions\/2562"}],"wp:attachment":[{"href":"https:\/\/manufakturapieroga.pl\/index.php?rest_route=%2Fwp%2Fv2%2Fmedia&parent=1564"}],"curies":[{"name":"wp","href":"https:\/\/api.w.org\/{rel}","templated":true}]}}